pose -z*x = h - 33, -36*x + 153 = 5*h - 33*x. Calculate the highest common factor of 30 and h.
30
Suppose 3*d = -b + 581, 14*d - 3*b = 19*d - 975. What is the highest common divisor of d and 120?
24
Suppose -23*t + 5320 = -13*t. Suppose 526*x - t*x + 42 = 0. Calculate the highest common divisor of x and 91.
7
Let q = -1485 - -1590. Suppose -5*u = k - 697, 4*k = u + k - 149. Calculate the highest common factor of q and u.
35
Suppose 0 = 18*c - 1153 - 35. Suppose x + c = 12*x. Calculate the greatest common factor of 78 and x.
6
Let l = 29 - 20. Suppose -327*r + 4322 - 1379 = 0. What is the highest common divisor of l and r?
9
Suppose 167*f = 173*f - 210. Calculate the greatest common factor of 8785 and f.
35
Let q(v) be the second derivative of -5*v**3/6 + 23*v**2 - 17*v. Let b be q(8). Suppose 15 + 51 = b*o. Calculate the greatest common divisor of o and 22.
11
Let n = -4650 + 4899. Calculate the highest common factor of n and 3.
3
Let z be 456/96 - (-411)/12. What is the greatest common factor of z and 2509?
13
Suppose -216 = 7*m + 330. Let x = -18 - m. Calculate the highest common factor of 24 and x.
12
Let p = 63 - 4. Suppose -p = 3*h - 161. What is the greatest common divisor of 306 and h?
34
Suppose 0 = 4*v + 8*v - v - 2354. Calculate the highest common factor of v and 2.
2
Suppose 0 = -24*k - 6*k + 420. Let y = 71 - 48. Suppose y*o - 28*o + 35 = 0. What is the greatest common factor of k and o?
7
Let x be (-31)/(1060/804 + (-80)/60). Calculate the highest common divisor of 201 and x.
67
Let s = 1 - 1. Let w = 7393 - 7355. Suppose -3*m + 5*c + 105 = s, 2*c + 118 = 5*m - w. What is the highest common factor of 6 and m?
6
Let y(t) = 108*t - 11. Let w be 16/88 - (-20)/11. Let m be y(w). What is the highest common factor of m and 82?
41
Let k(j) be the third derivative of j**4/8 + 4*j**3 - 35*j**2. Let h be k(-1). What is the highest common factor of 189 and h?
21
Let j = 9 + 10. Let m(v) = 5*v**2 + 2*v + 16. Let n be m(-6). Let o = 279 - n. Calculate the greatest common divisor of j and o.
19
Suppose 0 = 8*q - 4*q + 20, -4*q - 832 = -4*d. Let r(k) = 7*k - 6. Let p be r(5). Calculate the highest common divisor of p and d.
29
Let w be (42/(-24))/(13/(-416)). What is the highest common factor of 1169 and w?
7
Suppose 0 = 49*a - 174102 + 22202. What is the greatest common divisor of 150 and a?
50
Let s be (75/(-10))/(9/(-6)). Suppose -s*j + 193 = 4*y, j = -3*j - 4*y + 156. Calculate the highest common factor of j and 333.
37
Let v be (84/16)/((-18)/44)*(347 - 353). What is the greatest common factor of 1477 and v?
7
Let f be 1/(-6) + 205/6. Suppose 5*c = v + 179, -c + 2*v = -0*v - f. Let b be ((-2)/(-3))/2 - 642/(-18). What is the greatest common divisor of c and b?
36
Suppose 2*i + 97 = 349. Let u be 15/6*8/10. Suppose u*k - 52 = -l, 0 = l - k - 5 - 32. Calculate the highest common factor of i and l.
42
Suppose 4*m + 5*o = 93, 6*m + 2*o - 78 = 2*m. Let l = 29 + m. Let p be 343/5 + (-4)/(-10). What is the highest common factor of l and p?
23
Let m = -4 + 12. Let s(o) = -o + 5. Let v be s(m). Let c be 20*((-38)/(-10) + v). Calculate the greatest common divisor of 16 and c.
16
Let f be (-214)/(-8) + (-54)/72. What is the greatest common factor of f and 13754?
26
Let v(y) = -2*y**3 + 22*y**2 - 19*y - 7. Let c be v(10). Suppose -206 = -c*j - 41. What is the greatest common factor of j and 11?
11
Let x = 90 - -338. Suppose -x = -4*l + 4*d, 2*d = -4*l - d + 435. Calculate the greatest common factor of 162 and l.
54
Suppose 0 = -n - 3*z + 1731, 0 = -5*z + 7*z - 6. Calculate the highest common factor of n and 28.
14
Suppose -13*z - 165 = 2*z. Let i = z + 14. Calculate the highest common divisor of i and 21.
3
Let c be ((-32)/6 - 18/(-27))*18. Let z = 88 + c. Suppose -z*s - 3 = w, 3*s + 2 + 4 = 0. Calculate the greatest common divisor of w and 5.
5
Let h be 14/77 + (-1548)/44. Let t be (-3 + h/(-15))/((-8)/756). What is the highest common factor of t and 147?
21
Let m be (-2)/(99/(-14) + 7). Suppose 3*x = -l + 14, -12*x + 14*x = -2*l + m. Calculate the highest common divisor of 1246 and l.
14
Let j = -142 + 206. Suppose -102080 = 11167*n - 11312*n. What is the highest common divisor of n and j?
64
Let p(u) = u + 26. Let d be p(-4). Suppose 9*o - d - 68 = 0. What is the greatest common factor of 4 and o?
2
Suppose -116666 - 49377 = -139*l - 8417. Calculate the greatest common factor of 14 and l.
14
Let b = -6511 + 6540. Calculate the greatest common divisor of b and 7859.
29
Let b = 4381 + -31. Calculate the highest common divisor of 174 and b.
174
Suppose -59*q - 1408 + 4948 = 0. Suppose 4*w + 6 = -18. Let c be w/(-9) - (-210)/9. What is the greatest common divisor of q and c?
12
Let q be (-2)/((-32)/(-6)) + (-2)/((-96)/302514). Calculate the greatest common factor of q and 46.
46
Let v be (1890/420)/(-2*(-2)/216). Calculate the highest common divisor of v and 927.
9
Suppose -177 = 6*d - 11*d - 2*p, 5*p + 94 = 2*d. Calculate the highest common divisor of 3959 and d.
37
Let l = 38 + 514. Suppose -14*c = -20*c + l. What is the greatest common factor of c and 46?
46
Let x = 4330 + -2602. What is the greatest common factor of 108 and x?
108
Let c = -2786 - -2788. What is the highest common divisor of c and 446?
2
Let k(b) = b**2 - b + 4. Let o be k(0). Let a be (5 - o)/(-3 + 268/88). Calculate the greatest common factor of a and 308.
22
Suppose 3*c - 1327 = -2*r - 370, -4*r = 3*c - 1917. Calculate the greatest common divisor of r and 112.
16
Let t be (-1 - 10)*-27 + 10 + -7. What is the greatest common divisor of 130 and t?
10
Let o be (2 + 2 + 153/(-18))/((-5)/30). Calculate the greatest common factor of o and 16983.
27
Let v = -16 + 14. Let b(j) = 3*j**2 - 2. Let w be b(v). Calculate the highest common factor of 45 and w.
5
Let q(f) = 12*f + 385. Let t be q(0). Let c = -305 + t. Suppose 11*i - 12*i + 8 = 0. What is the greatest common factor of i and c?
8
Let h = 188 - 197. Let m be (-6)/h - (-333)/27. What is the greatest common divisor of m and 13?
13
Suppose 23*w = 21*w - 6, 5*y - 8597 = 4*w. What is the highest common factor of y and 606?
101
Suppose -2676 = -4*z - 1836. What is the greatest common divisor of z and 9?
3
Let o be (-6 - 12) + 4*7. What is the highest common divisor of o and 3110?
10
Let g = 58 + -51. Suppose 0 = s + n - 6, 5*n + 27 - g = 0. What is the greatest common factor of 270 and s?
10
Let g = -84 + 93. Suppose 0 = g*x - 16*x + 588. What is the greatest common factor of 36 and x?
12
Let u(h) = -h**3 + 9*h**2 + 2*h - 11. Let f be u(9). Suppose 384*q - 375*q = 0. Suppose 7*l - f - 7 = q. Calculate the highest common factor of 14 and l.
2
Let h = 790 - 768. Let q be ((-26)/8)/(3/(-132)). Calculate the highest common divisor of h and q.
11
Let v = 8 - 8. Suppose v = -t + u + u - 6, u = 4. Let r be 2012/8 - (t/4 - 2). What is the greatest common factor of r and 23?
23
Suppose -3*o = 2*o - 270. Let q(n) = n**3 - 11*n**2 + 9*n + 13. Let w be q(10). Suppose w*r = 8*r - 30. Calculate the highest common factor of o and r.
6
Let w = -113105 - -113133. Let j(b) = 4*b**3. Let t be j(1). Suppose c - m + 1 = 0, -5*m = t*c - 0*c - 41. Calculate the highest common factor of c and w.
4
Suppose 124*c - 141*c = -5865. What is the greatest common factor of 2001 and c?
69
Let u be ((-1470)/(-25))/(-12*(-6)/960). Calculate the highest common factor of u and 896.
112
Let l = 144 - 72. Let r(v) = -l - 77*v + 38 + 37 + 7*v. Let t be r(-2). What is the highest common factor of t and 13?
13
Let i(q) = q**3 + 6*q**2 - q. Let k be i(-3). Let r(c) = c + 12. Let y = -92 - -90. Let b be r(y). Calculate the greatest common factor of b and k.
10
Suppose 2*p - 88*o - 108 = -91*o, 5*o - 47 = -p. Suppose 0 = -m + 6*m - 190. What is the highest common factor of p and m?
19
Let g be (16 - 24) + (0 - 1)*-583. Calculate the highest common factor of 20 and g.
5
Suppose -24*g + 634 + 566 = 0. Let n be 3 + (2 - 4) + 9. What is the highest common factor of g and n?
10
Let o = 98 - 25. Let c(a) = 16*a + 6*a + o*a - 6. Let i be c(3). What is the greatest common factor of 31 and i?
31
Let p = 110 - 96. Suppose -p*h + 3087 = -5*h. Calculate the greatest common factor of 49 and h.
49
Let x(k) = 10*k + 68. Suppose -3*g = -j - j + 18, 5*g = -5*j - 5. Let n be x(g). What is the gr